and 60?
20
Calculate the highest common factor of 14 and 350.
14
What is the greatest common factor of 120 and 3880?
40
Calculate the highest common factor of 1350 and 550.
50
Calculate the highest common factor of 1040 and 975.
65
Calculate the greatest common divisor of 17075 and 100.
25
Calculate the greatest common factor of 126 and 14.
14
Calculate the highest common factor of 10 and 250.
10
What is the highest common divisor of 10 and 2930?
10
Calculate the highest common divisor of 48 and 552.
24
What is the highest common factor of 1590 and 210?
30
Calculate the highest common divisor of 7774 and 46.
46
What is the highest common divisor of 35 and 168?
7
What is the greatest common divisor of 134 and 402?
134
What is the highest common divisor of 3 and 9348?
3
What is the highest common divisor of 31 and 1333?
31
What is the highest common divisor of 7073 and 11?
11
What is the greatest common divisor of 97 and 33174?
97
Calculate the highest common divisor of 21 and 1806.
21
What is the highest common factor of 80 and 360?
40
What is the greatest common factor of 4577 and 299?
23
What is the highest common divisor of 330 and 264?
66
What is the greatest common divisor of 732 and 204?
12
What is the highest common divisor of 56 and 28?
28
What is the greatest common divisor of 660 and 255?
15
Calculate the highest common factor of 2 and 512.
2
What is the greatest common divisor of 19 and 513?
19
Calculate the highest common factor of 25792 and 403.
403
Calculate the greatest common factor of 48 and 256.
16
Calculate the highest common divisor of 132 and 220.
44
What is the greatest common divisor of 166 and 2?
2
What is the highest common factor of 7056 and 32?
16
Calculate the highest common divisor of 570 and 90.
30
Calculate the highest common factor of 623 and 7.
7
What is the greatest common factor of 86 and 86?
86
Calculate the greatest common factor of 3043 and 17.
17
What is the greatest common divisor of 1068 and 7743?
267
Calculate the highest common factor of 99 and 693.
99
What is the highest common divisor of 31 and 30287?
31
Calculate the greatest common factor of 120 and 9195.
15
What is the greatest common factor of 42913 and 26?
13
Calculate the greatest common factor of 156 and 390.
78
What is the highest common divisor of 24 and 13044?
12
What is the highest common factor of 5 and 116?
1
What is the highest common factor of 15 and 6?
3
What is the highest common divisor of 880 and 16?
16
Calculate the greatest common divisor of 162 and 36.
18
What is the highest common divisor of 80 and 20?
20
Calculate the greatest common factor of 1625 and 65.
65
What is the greatest common factor of 63 and 35?
7
What is the greatest common factor of 16 and 12?
4
Calculate the greatest common divisor of 14 and 10.
2
What is the highest common factor of 1457 and 47?
47
Calculate the highest common factor of 33 and 7557.
33
Calculate the highest common factor of 6 and 5502.
6
What is the greatest common factor of 352 and 64?
32
What is the highest common factor of 28 and 294?
14
Calculate the greatest common divisor of 540 and 30.
30
Calculate the highest common factor of 2409 and 528.
33
What is the highest common factor of 876 and 20?
4
What is the highest common divisor of 192 and 66?
6
What is the greatest common divisor of 210 and 240?
30
Calculate the highest common factor of 2117 and 29.
29
What is the greatest common divisor of 465 and 7595?
155
What is the greatest common divisor of 225 and 198?
9
What is the highest common divisor of 7366 and 58?
58
What is the highest common divisor of 1635 and 15?
15
Calculate the highest common factor of 80 and 3090.
10
Calculate the highest common divisor of 648 and 2952.
72
Calculate the greatest common divisor of 90 and 1050.
30
Calculate the greatest common factor of 126 and 54.
18
Calculate the greatest common factor of 195 and 2275.
65
Calculate the highest common divisor of 516 and 12.
12
Calculate the greatest common divisor of 68 and 1088.
68
What is the highest common factor of 27 and 11043?
27
What is the greatest common factor of 244 and 16?
4
Calculate the highest common factor of 9 and 537.
3
What is the greatest common divisor of 645 and 60?
15
Calculate the greatest common divisor of 472 and 4012.
236
Calculate the greatest common factor of 560 and 30.
10
Calculate the highest common divisor of 58 and 145.
29
What is the greatest common factor of 528 and 12540?
132
What is the highest common factor of 17 and 9809?
17
Calculate the greatest common factor of 234 and 1066.
26
Calculate the highest common factor of 1712 and 96.
16
What is the greatest common divisor of 330 and 5390?
110
Calculate the highest common factor of 2422 and 28.
14
Calculate the highest common factor of 16 and 2632.
8
Calculate the highest common divisor of 69 and 138.
69
What is the greatest common divisor of 126 and 266?
14
Calculate the highest common factor of 24360 and 336.
168
What is the greatest common divisor of 1027 and 117?
13
What is the greatest common factor of 1528 and 8?
8
What is the greatest common divisor of 870 and 60?
30
Calculate the highest common factor of 13482 and 63.
63
What is the highest common divisor of 198 and 42?
6
Calculate the greatest common divisor of 144 and 360.
72
Calculate the greatest common factor of 23 and 115.
23
Calculate the greatest common divisor of 636 and 126.
6
Calculate the greatest common factor of 123 and 9.
3
Calculate the highest common factor of 93 and 62.
31
What is the highest common divisor of 170 and 1241?
17
Calculate the greatest common divisor of 585 and 15.
15
What is the highest common factor of 200 and 32?
8
Calculate the greatest common divisor of 84 and 600.
12
Calculate the greatest common factor of 29 and 29.
29
What is the highest common divisor of 186 and 30?
6
Calculate the highest common factor of 63 and 1179.
9
Calculate the highest common factor of 608 and 256.
32
Calculate the greatest common factor of 147 and 8967.
147
What is the greatest common factor of 93 and 12?
3
What is the greatest common factor of 38 and 3382?
38
Calculate the greatest common divisor of 294 and 24.
6
What is the highest common factor of 3190 and 275?
55
What is the highest common factor of 37 and 11840?
37
What is the greatest common divisor of 70 and 45?
5
Calculate the highest common factor of 27 and 81.
27
Calculate the greatest common factor of 13 and 767.
13
Calculate the highest common factor of 24660 and 18.
18
What is the greatest common divisor of 390 and 150?
30
What is the greatest common divisor of 5 and 2285?
5
What is the greatest common divisor of 108 and 132?
12
Calculate the highest common divisor of 14 and 826.
14
What is the highest common factor of 3243 and 897?
69
What is the greatest common divisor of 12 and 12?
12
Calculate the highest common divisor of 520 and 128.
8
What is the greatest common factor of 6486 and 92?
46
What is the highest common divisor of 37 and 21053?
37
Calculate the greatest common factor of 84 and 5250.
42
What is the highest common factor of 582 and 970?
194
Calculate the greatest common divisor of 26442 and 117.
117
What is the greatest common divisor of 4 and 4344?
4
What is the greatest common factor of 874 and 46?
46
Calculate the highest common factor of 37 and 18.
1
What is the highest common factor of 56 and 322?
14
Calculate the highest common divisor of 18 and 552.
6
Calculate the greatest common factor of 12 and 138.
6
Calculate the highest common factor of 21070 and 7.
7
Calculate the greatest common divisor of 14 and 2072.
14
What is the greatest common factor of 50 and 2?
2
Calculate the highest common divisor of 1666 and 119.
119
What is the greatest common divisor of 140 and 1715?
35
What is the greatest common factor of 63 and 12?
3
What is the highest common factor of 61 and 17751?
61
Calculate the highest common factor of 1562 and 44.
22
Calculate the highest common factor of 5 and 335.
5
Calculate the highest common divisor of 3000 and 8.
8
Calculate the greatest common factor of 20 and 740.
20
What is the highest common divisor of 1736 and 10168?
248
Calculate the greatest common divisor of 189 and 108.
27
Calculate the highest common divisor of 29 and 3161.
29
Calculate th